f 26891632?
False
Does 3 divide 61967?
False
Is 9536 even?
True
Is 41 a factor of 202212?
True
Is 30 a factor of 932820?
True
Does 164 divide 1062884?
True
Does 159 divide 72352?
False
Is 317 a factor of 593196?
False
Does 6 divide 628710?
True
Is 6235060 a multiple of 65?
True
Is 23 a factor of 733085?
False
Does 171 divide 4958695?
False
Is 60 a factor of 238440?
True
Does 13 divide 16741?
False
Does 224 divide 68673?
False
Is 59 a factor of 142730?
False
Is 215985 a multiple of 21?
True
Does 18 divide 193086?
True
Is 1253906 a multiple of 251?
False
Is 283 a factor of 17263?
True
Is 427878 a multiple of 198?
True
Is 1038808 a multiple of 48?
False
Does 10 divide 291803?
False
Is 158 a factor of 34760?
True
Does 35 divide 230684?
False
Is 2355380 a multiple of 145?
True
Is 132591 a multiple of 117?
False
Does 95 divide 410607?
False
Is 888150 a multiple of 10?
True
Is 18 a factor of 551430?
True
Is 963 a factor of 3745107?
True
Is 40 a factor of 2670496?
False
Does 183 divide 251611?
False
Does 91 divide 834197?
True
Does 600 divide 15256779?
False
Is 16 a factor of 8283440?
True
Does 14 divide 5571746?
False
Is 8 a factor of 485832?
True
Is 499327 a multiple of 62?
False
Does 151 divide 332431?
False
Is 7435480 a multiple of 632?
True
Is 48 a factor of 373209?
False
Is 21 a factor of 16206831?
False
Is 86719 a multiple of 73?
False
Is 67 a factor of 742427?
True
Does 50 divide 168850?
True
Does 14 divide 108010?
True
Is 3809388 a multiple of 222?
False
Is 22 a factor of 2469742?
True
Is 10198 a multiple of 3?
False
Is 79 a factor of 2611503?
True
Is 8 a factor of 84103?
False
Does 8 divide 167120?
True
Does 315 divide 179235?
True
Does 47 divide 67596?
False
Is 34 a factor of 10098828?
False
Is 38502 a multiple of 138?
True
Does 192 divide 6372199?
False
Does 289 divide 3975484?
True
Is 110 a factor of 717833?
False
Does 27 divide 2948338?
False
Is 18 a factor of 3651584?
False
Is 77 a factor of 156262?
False
Is 7 a factor of 456939?
True
Is 370313 a multiple of 265?
False
Does 4 divide 115230?
False
Is 90969 a multiple of 47?
False
Does 14 divide 1149470?
True
Is 727466 a multiple of 7?
False
Is 6061957 a multiple of 11?
True
Is 15 a factor of 448631?
False
Does 306 divide 3129768?
True
Does 14 divide 1322188?
True
Is 4660 a multiple of 5?
True
Is 439783 a multiple of 18?
False
Does 22 divide 104578?
False
Is 257 a factor of 1401597?
False
Does 131 divide 377935?
True
Is 523336 a multiple of 10?
False
Does 112 divide 764177?
False
Is 32 a factor of 112128?
True
Is 103092 a multiple of 242?
True
Is 621 a factor of 7512494?
False
Is 53 a factor of 2180133?
False
Does 592 divide 198912?
True
Is 272576 a multiple of 74?
False
Does 7 divide 43134?
True
Is 130 a factor of 2520570?
True
Does 795 divide 3013339?
False
Does 26 divide 890930?
False
Does 139 divide 12477621?
False
Is 1633545 a multiple of 155?
True
Is 48 a factor of 220368?
True
Does 123 divide 114882?
True
Is 121 a factor of 677842?
True
Is 295460 a multiple of 17?
True
Does 10 divide 98780?
True
Does 207 divide 1060480?
False
Is 13 a factor of 100373?
True
Does 152 divide 1387608?
True
Is 536 a factor of 1588037?
False
Is 417 a factor of 2487405?
True
Is 10060029 a multiple of 22?
False
Does 36 divide 28404?
True
Is 136813 a multiple of 31?
False
Does 290 divide 2321628?
False
Is 6 a factor of 45288?
True
Is 436140 a multiple of 12?
True
Is 33 a factor of 24783?
True
Is 46540 a multiple of 10?
True
Does 248 divide 665336?
False
Is 55 a factor of 3529587?
False
Does 113 divide 1397810?
True
Does 363 divide 3850377?
False
Is 32 a factor of 341920?
True
Is 25 a factor of 1600100?
True
Is 1840275 a multiple of 71?
False
Is 15 a factor of 2526090?
True
Is 16491514 a multiple of 67?
True
Does 17 divide 27505120?
False
Is 14618256 a multiple of 377?
False
Is 657600 a multiple of 7?
False
Is 78105 a multiple of 15?
True
Is 453 a factor of 2254128?
True
Is 24539 a multiple of 64?
False
Is 1658540 a multiple of 130?
True
Is 42 a factor of 1002666?
True
Is 13 a factor of 38676?
False
Is 5 a factor of 420062?
False
Is 951049 a multiple of 3?
False
Does 10 divide 227514?
False
Does 349 divide 69800?
True
Is 119540 a multiple of 346?
False
Is 10696 even?
True
Is 16303958 a multiple of 471?
False
Is 2992652 a multiple of 289?
False
Does 368 divide 9381792?
True
Is 3045058 a multiple of 35?
False
Is 7 a factor of 21477141?
True
Is 435 a factor of 127890?
True
Is 8 a factor of 7904?
True
Is 930 a factor of 1458240?
True
Is 3411 a multiple of 11?
False
Is 163 a factor of 27547?
True
Is 10 a factor of 2704282?
False
Is 4643045 a multiple of 55?
True
Is 41803 even?
False
Does 340 divide 4017950?
False
Is 63567 a multiple of 54?
False
Does 6 divide 4867230?
True
Is 286 a factor of 586391?
False
Is 86718 a multiple of 58?
False
Does 11 divide 984951?
True
Is 6 a factor of 1149656?
False
Is 375 a factor of 164625?
True
Does 3 divide 5112?
True
Is 65080 a multiple of 174?
False
Is 34 a factor of 199138?
True
Is 49 a factor of 1042230?
True
Is 36529 a multiple of 6?
False
Is 7 a factor of 813264?
False
Is 112 a factor of 3096063?
False
Is 585750 a multiple of 71?
True
Does 77 divide 1490874?
True
Is 8567918 a multiple of 14?
False
Does 50 divide 245577?
False
Does 51 divide 2566914?
False
Is 97 a factor of 9212349?
False
Is 562865 a multiple of 5?
True
Is 8 a factor of 1460151?
False
Is 217171 a multiple of 2?
False
Is 10 a factor of 131839?
False
Does 67 divide 3888948?
True
Is 44 a factor of 298188?
True
Is 1850238 a multiple of 26?
True
Is 16 a factor of 3006793?
False
Does 140 divide 32108?
False
Is 2012880 a multiple of 16?
True
Does 236 divide 6146014?
False
Is 12 a factor of 834606?
False
Is 108 a factor of 103788?
True
Is 14 a factor of 1102794?
True
Is 295788 a multiple of 60?
False
Is 565659 a multiple of 141?
False
Is 49691 a multiple of 5?
False
Is 239553 a multiple of 103?
False
Is 281 a factor of 216361?
False
Is 124 a factor of 615164?
True
Does 5 divide 14670?
True
Does 42 divide 84756?
True
Is 40 a factor of 109160?
True
Does 231 divide 955464?
False
Does 5 divide 58383?
False
Does 1533 divide 1928065?
False
Is 225 a factor of 6581949?
False
Is 277 a factor of 776708?
True
Does 32 divide 5255712?
True
Is 1060287 a multiple of 28?
False
Does 54 divide 47088?
True
Is 103 a factor of 66911?
False
Does 4 divide 112845?
False
Is 143 a factor of 69641?
True
Is 209 a factor of 22781?
True
Is 21988 a multiple of 92?
True
Is 71676 a multiple of 18?
True
Is 9171315 a multiple of 142?
False
Does 15 divide 51000?
True
Is 46232 a multiple of 8?
True
Is 5504611 a multiple of 7?
True
Is 75 a factor of 9544500?
True
Is 7 a factor of 16590?
True
Does 816 divide 154224?
True
Is 4 a factor of 1645204?
True
Is 134 a factor of 21501104?
True
Is 20445 a multiple of 705?
True
Does 62 divide 18453432?
True
Does 30 divide 4581702?
False
Is 3776110 a multiple of 62?
True
Is 61311 a multiple of 5?
False
Is 14 a factor of 2138338?
False
Does 11 divide 1787610?
True
Is 222 a factor of 204324?
False
Is 82150 a multiple of 265?
True
Is 169 a factor of 5431?
False
Is 2273 a factor of 4630101?
True
Is 11 a factor of 473335?
False
Is 1050624 a multiple of 342?
True
Is 45633 a multiple of 195?
False
Is 175230 a multiple of 55?
True
Does 48 divide 197432?
False
Is 1713140 a multiple of 1198?
True
Is 876 a factor of 9850620?
True
Does 27 divide 451926?
True
Is 877984 a multiple of 16?
True
Is 10237968 a multiple of 156?
True
Is 3080000 a multiple of 704?
True
Is 116 a factor of 126674?
False
Is 166 a factor of 121194?
False
Is 1954833 a multiple of 2229?
True
Is 2600559 a multiple of 13?
True
Is 334 a factor of 265530?
True
Does 408 divide 1891796?
False
Is 412175 a multiple of 17?
False
Does 15 divide 11045646?
False
Is 570584 a multiple of 17?
False
Is 221 a factor of 313390?
False
Is 299324 a multiple of 291?
False
Does 315 divide 3571793?
False
Does 476 divide 10417736?
True
Is 344 a factor of 360065?
False
Is 560 a factor of 418522?
False
Is 213 a factor of 1898997?
False
Does 50 divide 8715?
False
Is 2 a factor of 28789?
False
Is 5 a factor of 188900?
True
Is 6 a factor of 2659768?
False
Is 1045006 a multiple of 40?
False
Does 99 divide 47461?
False
Is 147691 a multiple of 50?
False
Is 1186500 a multiple of 1500?
T